{"id":1706,"date":"2022-06-05T19:52:22","date_gmt":"2022-06-05T19:52:22","guid":{"rendered":"https:\/\/foto-fantasien.com\/?page_id=1706"},"modified":"2025-08-10T12:39:31","modified_gmt":"2025-08-10T12:39:31","slug":"stories","status":"publish","type":"page","link":"https:\/\/foto-fantasien.com\/index.php\/stories\/","title":{"rendered":"Stories"},"content":{"rendered":"\n<p class=\"has-text-color has-link-color has-small-font-size wp-elements-ab96a8930f966232ee2fb9830fe2e2ec wp-block-paragraph\" style=\"color:#1e3c5a\"><strong>Fotos gr\u00f6\u00dfer ansehen<\/strong>: Der Klick mit der linken Maustaste vergr\u00f6\u00dfert die Fotos. Die Hintergrundshow wird mit Klick auf den Pfeil rechts im Men\u00fc sichtbar.<\/p>\n\n\n\n<div class=\"wp-block-cover aligncenter has-custom-content-position is-position-bottom-center\"><img loading=\"lazy\" decoding=\"async\" width=\"1920\" height=\"1280\" class=\"wp-block-cover__image-background wp-image-4673\" alt=\"Vollwandmast im Abendlicht\" src=\"https:\/\/foto-fantasien.com\/wp-content\/uploads\/2024\/07\/DSC_0601.jpg\" style=\"object-position:51% 85%\" data-object-fit=\"cover\" data-object-position=\"51% 85%\" srcset=\"https:\/\/foto-fantasien.com\/wp-content\/uploads\/2024\/07\/DSC_0601.jpg 1920w, https:\/\/foto-fantasien.com\/wp-content\/uploads\/2024\/07\/DSC_0601-300x200.jpg 300w, https:\/\/foto-fantasien.com\/wp-content\/uploads\/2024\/07\/DSC_0601-1024x683.jpg 1024w, https:\/\/foto-fantasien.com\/wp-content\/uploads\/2024\/07\/DSC_0601-768x512.jpg 768w, https:\/\/foto-fantasien.com\/wp-content\/uploads\/2024\/07\/DSC_0601-1536x1024.jpg 1536w, https:\/\/foto-fantasien.com\/wp-content\/uploads\/2024\/07\/DSC_0601-400x267.jpg 400w, https:\/\/foto-fantasien.com\/wp-content\/uploads\/2024\/07\/DSC_0601-600x400.jpg 600w, https:\/\/foto-fantasien.com\/wp-content\/uploads\/2024\/07\/DSC_0601-1200x800.jpg 1200w\" sizes=\"auto, (max-width: 1920px) 100vw, 1920px\" \/><span aria-hidden=\"true\" class=\"wp-block-cover__background has-background-dim\" style=\"background-color:#5d768a\"><\/span><div class=\"wp-block-cover__inner-container is-layout-flow wp-block-cover-is-layout-flow\">\n<div class=\"wp-block-columns alignwide is-not-stacked-on-mobile editor:no-inserter ext-mb-0 ext-mt-0 is-layout-flex wp-container-core-columns-is-layout-8f761849 wp-block-columns-is-layout-flex\">\n<div class=\"wp-block-column is-layout-flow wp-block-column-is-layout-flow\" style=\"flex-basis:100%\">\n<p class=\"wp-block-paragraph\"><\/p>\n\n\n\n<p class=\"wp-block-paragraph\"><\/p>\n\n\n\n<p class=\"wp-block-paragraph\"><\/p>\n\n\n\n<h2 class=\"wp-block-heading ext-m-0 has-white-color has-text-color has-ext-x-large-font-size\" id=\"fully-distributed-remote\">Invasion der Vollpfosten<\/h2>\n<\/div>\n<\/div>\n\n\n\n<div class=\"wp-block-columns alignwide is-not-stacked-on-mobile editor:no-inserter ext-mt-0 is-layout-flex wp-container-core-columns-is-layout-8f761849 wp-block-columns-is-layout-flex\">\n<div class=\"wp-block-column is-layout-flow wp-block-column-is-layout-flow\" style=\"flex-basis:20%\"><\/div>\n\n\n\n<div class=\"wp-block-column editor:no-inserter is-layout-flow wp-block-column-is-layout-flow\" style=\"flex-basis:80%\">\n<div style=\"height:100px\" aria-hidden=\"true\" class=\"wp-block-spacer\"><\/div>\n\n\n\n<p class=\"has-white-color has-text-color has-link-color has-medium-font-size wp-elements-7ec0464ebeba184e00d177f83d61dfe1 wp-block-paragraph\">14.000 Kilometer Stromleitungen bringen Energie vom windreichen Norden in den S\u00fcden. <br>Die \u00fcberwiegend schwarz-wei\u00dfen Fotos dokumentieren die Bauetappen. <br>Sie wirken surreal, die Erz\u00e4hlung wie Science-Fiction.<\/p>\n\n\n\n<div class=\"wp-block-buttons is-layout-flex wp-block-buttons-is-layout-flex\">\n<div class=\"wp-block-button is-style-outline is-style-outline--1\"><a class=\"wp-block-button__link has-white-color has-text-color has-background has-medium-font-size has-custom-font-size wp-element-button\" href=\"https:\/\/foto-fantasien.com\/index.php\/stories\/invasion-der-vollpfosten\/\" style=\"border-radius:10px;background-color:#ffffff00\" target=\"_blank\" rel=\"noreferrer noopener\"><mark style=\"background-color:rgba(0, 0, 0, 0)\" class=\"has-inline-color has-white-color\">Weiter<\/mark><\/a><\/div>\n<\/div>\n\n\n\n<div style=\"height:50px\" aria-hidden=\"true\" class=\"wp-block-spacer\"><\/div>\n<\/div>\n<\/div>\n<\/div><\/div>\n\n\n\n<div style=\"height:20px\" aria-hidden=\"true\" class=\"wp-block-spacer\"><\/div>\n\n\n\n<div class=\"wp-block-cover is-light\"><img loading=\"lazy\" decoding=\"async\" width=\"1920\" height=\"1440\" class=\"wp-block-cover__image-background wp-image-1632\" alt=\"Apotheke\" src=\"https:\/\/foto-fantasien.com\/wp-content\/uploads\/2022\/05\/1100209_Nik-1_Nik.jpg\" data-object-fit=\"cover\" srcset=\"https:\/\/foto-fantasien.com\/wp-content\/uploads\/2022\/05\/1100209_Nik-1_Nik.jpg 1920w, https:\/\/foto-fantasien.com\/wp-content\/uploads\/2022\/05\/1100209_Nik-1_Nik-300x225.jpg 300w, https:\/\/foto-fantasien.com\/wp-content\/uploads\/2022\/05\/1100209_Nik-1_Nik-1024x768.jpg 1024w, https:\/\/foto-fantasien.com\/wp-content\/uploads\/2022\/05\/1100209_Nik-1_Nik-768x576.jpg 768w, https:\/\/foto-fantasien.com\/wp-content\/uploads\/2022\/05\/1100209_Nik-1_Nik-1536x1152.jpg 1536w, https:\/\/foto-fantasien.com\/wp-content\/uploads\/2022\/05\/1100209_Nik-1_Nik-400x300.jpg 400w, https:\/\/foto-fantasien.com\/wp-content\/uploads\/2022\/05\/1100209_Nik-1_Nik-600x450.jpg 600w, https:\/\/foto-fantasien.com\/wp-content\/uploads\/2022\/05\/1100209_Nik-1_Nik-1200x900.jpg 1200w\" sizes=\"auto, (max-width: 1920px) 100vw, 1920px\" \/><span aria-hidden=\"true\" class=\"wp-block-cover__background has-background-dim\"><\/span><div class=\"wp-block-cover__inner-container is-layout-flow wp-block-cover-is-layout-flow\">\n<div class=\"wp-block-columns alignwide is-not-stacked-on-mobile editor:no-inserter ext-mb-0 ext-mt-0 is-layout-flex wp-container-core-columns-is-layout-8f761849 wp-block-columns-is-layout-flex\">\n<div class=\"wp-block-column is-layout-flow wp-block-column-is-layout-flow\" style=\"flex-basis:100%\">\n<p class=\"wp-block-paragraph\"><\/p>\n\n\n\n<p class=\"wp-block-paragraph\"><\/p>\n\n\n\n<p class=\"wp-block-paragraph\"><\/p>\n\n\n\n<h2 class=\"wp-block-heading ext-m-0 has-white-color has-text-color has-ext-x-large-font-size\" id=\"fully-distributed-remote\">Sonderbar <\/h2>\n<\/div>\n<\/div>\n\n\n\n<div class=\"wp-block-columns alignwide is-not-stacked-on-mobile editor:no-inserter ext-mt-0 is-layout-flex wp-container-core-columns-is-layout-8f761849 wp-block-columns-is-layout-flex\">\n<div class=\"wp-block-column is-layout-flow wp-block-column-is-layout-flow\" style=\"flex-basis:20%\"><\/div>\n\n\n\n<div class=\"wp-block-column editor:no-inserter is-layout-flow wp-block-column-is-layout-flow\" style=\"flex-basis:80%\">\n<div style=\"height:100px\" aria-hidden=\"true\" class=\"wp-block-spacer\"><\/div>\n\n\n\n<p class=\"has-white-color has-text-color has-link-color has-medium-font-size wp-elements-fca36577cfe2381c55365162146c60df wp-block-paragraph\">Die Zinken eines Baggers sehen aus wie G\u00e4nsek\u00f6pfe. <br>Eine T\u00fcr, die f\u00fcr die Feuerwehr freigehalten werden muss, ist mit einem Bauger\u00fcst versperrt. <br>Der Eingang zu einem Haus liegt meterhoch \u00fcber der Stra\u00dfe und hat keine Treppe-<\/p>\n\n\n\n<div class=\"wp-block-buttons is-layout-flex wp-block-buttons-is-layout-flex\">\n<div class=\"wp-block-button is-style-outline is-style-outline--2\"><a class=\"wp-block-button__link has-white-color has-text-color has-background has-medium-font-size has-custom-font-size wp-element-button\" href=\"https:\/\/foto-fantasien.com\/index.php\/galerie\/sonderbar\/\" style=\"border-radius:10px;background-color:#ffffff00\" target=\"_blank\" rel=\"noreferrer noopener\"><mark style=\"background-color:rgba(0, 0, 0, 0)\" class=\"has-inline-color has-white-color\">Weiter<\/mark><\/a><\/div>\n<\/div>\n\n\n\n<div style=\"height:50px\" aria-hidden=\"true\" class=\"wp-block-spacer\"><\/div>\n<\/div>\n<\/div>\n<\/div><\/div>\n\n\n\n<div style=\"height:20px\" aria-hidden=\"true\" class=\"wp-block-spacer\"><\/div>\n\n\n\n<div class=\"wp-block-cover\"><img loading=\"lazy\" decoding=\"async\" width=\"1920\" height=\"1284\" class=\"wp-block-cover__image-background wp-image-1733\" alt=\"\" src=\"https:\/\/foto-fantasien.com\/wp-content\/uploads\/2022\/06\/P1070871_2.jpg\" data-object-fit=\"cover\" srcset=\"https:\/\/foto-fantasien.com\/wp-content\/uploads\/2022\/06\/P1070871_2.jpg 1920w, https:\/\/foto-fantasien.com\/wp-content\/uploads\/2022\/06\/P1070871_2-300x201.jpg 300w, https:\/\/foto-fantasien.com\/wp-content\/uploads\/2022\/06\/P1070871_2-1024x685.jpg 1024w, https:\/\/foto-fantasien.com\/wp-content\/uploads\/2022\/06\/P1070871_2-768x514.jpg 768w, https:\/\/foto-fantasien.com\/wp-content\/uploads\/2022\/06\/P1070871_2-1536x1027.jpg 1536w, https:\/\/foto-fantasien.com\/wp-content\/uploads\/2022\/06\/P1070871_2-400x268.jpg 400w, https:\/\/foto-fantasien.com\/wp-content\/uploads\/2022\/06\/P1070871_2-600x401.jpg 600w, https:\/\/foto-fantasien.com\/wp-content\/uploads\/2022\/06\/P1070871_2-1200x803.jpg 1200w\" sizes=\"auto, (max-width: 1920px) 100vw, 1920px\" \/><span aria-hidden=\"true\" class=\"wp-block-cover__background has-background-dim\"><\/span><div class=\"wp-block-cover__inner-container is-layout-flow wp-block-cover-is-layout-flow\">\n<div class=\"wp-block-columns alignwide is-not-stacked-on-mobile editor:no-inserter ext-mb-0 ext-mt-0 is-layout-flex wp-container-core-columns-is-layout-8f761849 wp-block-columns-is-layout-flex\">\n<div class=\"wp-block-column is-layout-flow wp-block-column-is-layout-flow\" style=\"flex-basis:100%\">\n<p class=\"wp-block-paragraph\"><\/p>\n\n\n\n<p class=\"wp-block-paragraph\"><\/p>\n\n\n\n<p class=\"wp-block-paragraph\"><\/p>\n\n\n\n<h2 class=\"wp-block-heading ext-m-0 has-white-color has-text-color has-ext-x-large-font-size\" id=\"fully-distributed-remote\">Fairy Forest<\/h2>\n<\/div>\n<\/div>\n\n\n\n<div class=\"wp-block-columns alignwide is-not-stacked-on-mobile editor:no-inserter ext-mt-0 is-layout-flex wp-container-core-columns-is-layout-8f761849 wp-block-columns-is-layout-flex\">\n<div class=\"wp-block-column is-layout-flow wp-block-column-is-layout-flow\" style=\"flex-basis:20%\"><\/div>\n\n\n\n<div class=\"wp-block-column editor:no-inserter is-layout-flow wp-block-column-is-layout-flow\" style=\"flex-basis:80%\">\n<h2 class=\"wp-block-heading ext-m-0 has-white-color has-text-color has-ext-x-large-font-size\" id=\"fully-distributed-remote\">Naturerlebnis im Eyachtal<\/h2>\n\n\n\n<p class=\"has-white-color has-text-color has-link-color has-medium-font-size wp-elements-e069a800ce748613835b6b77721b72d9 wp-block-paragraph\">Ein schmaler Pfad f\u00fchrt der Eyach entlang. Es ist still. Nur der Bach pl\u00e4tschert melodi\u00f6s. <br>Ab und zu zwischert ein Vogel. Eine zauberhafte Stimmung beherrscht die Szenerie.<\/p>\n\n\n\n<div class=\"wp-block-buttons is-layout-flex wp-block-buttons-is-layout-flex\">\n<div class=\"wp-block-button is-style-outline is-style-outline--3\"><a class=\"wp-block-button__link has-white-color has-text-color has-background has-medium-font-size has-custom-font-size wp-element-button\" href=\"https:\/\/foto-fantasien.com\/index.php\/fairy-forest-naturerlebnis-eyachtal\/\" style=\"border-radius:10px;background-color:#ffffff00\" target=\"_blank\" rel=\"noreferrer noopener\"><mark style=\"background-color:rgba(0, 0, 0, 0)\" class=\"has-inline-color has-white-color\">Weiter<\/mark><\/a><\/div>\n<\/div>\n\n\n\n<div style=\"height:50px\" aria-hidden=\"true\" class=\"wp-block-spacer\"><\/div>\n<\/div>\n<\/div>\n<\/div><\/div>\n\n\n\n<div style=\"height:20px\" aria-hidden=\"true\" class=\"wp-block-spacer\"><\/div>\n\n\n\n<div class=\"wp-block-cover is-light\"><img loading=\"lazy\" decoding=\"async\" width=\"1920\" height=\"1280\" class=\"wp-block-cover__image-background wp-image-1747\" alt=\"Eggs\" src=\"https:\/\/foto-fantasien.com\/wp-content\/uploads\/2022\/06\/DSC_0604.jpg\" style=\"object-position:32% 56%\" data-object-fit=\"cover\" data-object-position=\"32% 56%\" srcset=\"https:\/\/foto-fantasien.com\/wp-content\/uploads\/2022\/06\/DSC_0604.jpg 1920w, https:\/\/foto-fantasien.com\/wp-content\/uploads\/2022\/06\/DSC_0604-300x200.jpg 300w, https:\/\/foto-fantasien.com\/wp-content\/uploads\/2022\/06\/DSC_0604-1024x683.jpg 1024w, https:\/\/foto-fantasien.com\/wp-content\/uploads\/2022\/06\/DSC_0604-768x512.jpg 768w, https:\/\/foto-fantasien.com\/wp-content\/uploads\/2022\/06\/DSC_0604-1536x1024.jpg 1536w, https:\/\/foto-fantasien.com\/wp-content\/uploads\/2022\/06\/DSC_0604-400x267.jpg 400w, https:\/\/foto-fantasien.com\/wp-content\/uploads\/2022\/06\/DSC_0604-600x400.jpg 600w, https:\/\/foto-fantasien.com\/wp-content\/uploads\/2022\/06\/DSC_0604-1200x800.jpg 1200w\" sizes=\"auto, (max-width: 1920px) 100vw, 1920px\" \/><span aria-hidden=\"true\" class=\"wp-block-cover__background has-background-dim\"><\/span><div class=\"wp-block-cover__inner-container is-layout-flow wp-block-cover-is-layout-flow\">\n<div class=\"wp-block-columns alignwide is-not-stacked-on-mobile editor:no-inserter ext-mb-0 ext-mt-0 is-layout-flex wp-container-core-columns-is-layout-8f761849 wp-block-columns-is-layout-flex\">\n<div class=\"wp-block-column is-layout-flow wp-block-column-is-layout-flow\" style=\"flex-basis:100%\">\n<p class=\"wp-block-paragraph\"><\/p>\n\n\n\n<p class=\"wp-block-paragraph\"><\/p>\n\n\n\n<p class=\"wp-block-paragraph\"><\/p>\n\n\n\n<h2 class=\"wp-block-heading ext-m-0 has-white-color has-text-color has-ext-x-large-font-size\" id=\"fully-distributed-remote\">Eggs &#8211; die Eierbande<\/h2>\n<\/div>\n<\/div>\n\n\n\n<div class=\"wp-block-columns alignwide is-not-stacked-on-mobile editor:no-inserter ext-mt-0 is-layout-flex wp-container-core-columns-is-layout-8f761849 wp-block-columns-is-layout-flex\">\n<div class=\"wp-block-column is-layout-flow wp-block-column-is-layout-flow\" style=\"flex-basis:20%\"><\/div>\n\n\n\n<div class=\"wp-block-column editor:no-inserter is-layout-flow wp-block-column-is-layout-flow\" style=\"flex-basis:80%\">\n<div style=\"height:100px\" aria-hidden=\"true\" class=\"wp-block-spacer\"><\/div>\n\n\n\n<p class=\"has-white-color has-text-color has-link-color has-medium-font-size wp-elements-7f9399f1b9f8833fb610415195975b48 wp-block-paragraph\">Eier mit schrumpeliger Schale warten auf das Fr\u00fchst\u00fcck. <br>Danach gehen sie auf Safari, bei der sie ein Hase beobachtet.<br> Herzf\u00f6rmige Espressotassen dienen als Eierbecher.<\/p>\n\n\n\n<div class=\"wp-block-buttons is-layout-flex wp-block-buttons-is-layout-flex\">\n<div class=\"wp-block-button is-style-outline is-style-outline--4\"><a class=\"wp-block-button__link has-white-color has-text-color has-background has-medium-font-size has-custom-font-size wp-element-button\" href=\"https:\/\/foto-fantasien.com\/index.php\/stories\/eggs-die-eierbande\/\" style=\"border-radius:10px;background-color:#ffffff00\" target=\"_blank\" rel=\"noreferrer noopener\"><mark style=\"background-color:rgba(0, 0, 0, 0)\" class=\"has-inline-color has-white-color\">Weiter<\/mark><\/a><\/div>\n<\/div>\n\n\n\n<div style=\"height:50px\" aria-hidden=\"true\" class=\"wp-block-spacer\"><\/div>\n<\/div>\n<\/div>\n<\/div><\/div>\n\n\n\n<div style=\"height:20px\" aria-hidden=\"true\" class=\"wp-block-spacer\"><\/div>\n\n\n\n<div class=\"wp-block-cover\"><img loading=\"lazy\" decoding=\"async\" width=\"1920\" height=\"1280\" class=\"wp-block-cover__image-background wp-image-1819\" alt=\"Der Schrei\" src=\"https:\/\/foto-fantasien.com\/wp-content\/uploads\/2022\/06\/DSC_0735_1.jpg\" data-object-fit=\"cover\" srcset=\"https:\/\/foto-fantasien.com\/wp-content\/uploads\/2022\/06\/DSC_0735_1.jpg 1920w, https:\/\/foto-fantasien.com\/wp-content\/uploads\/2022\/06\/DSC_0735_1-300x200.jpg 300w, https:\/\/foto-fantasien.com\/wp-content\/uploads\/2022\/06\/DSC_0735_1-1024x683.jpg 1024w, https:\/\/foto-fantasien.com\/wp-content\/uploads\/2022\/06\/DSC_0735_1-768x512.jpg 768w, https:\/\/foto-fantasien.com\/wp-content\/uploads\/2022\/06\/DSC_0735_1-1536x1024.jpg 1536w, https:\/\/foto-fantasien.com\/wp-content\/uploads\/2022\/06\/DSC_0735_1-400x267.jpg 400w, https:\/\/foto-fantasien.com\/wp-content\/uploads\/2022\/06\/DSC_0735_1-600x400.jpg 600w, https:\/\/foto-fantasien.com\/wp-content\/uploads\/2022\/06\/DSC_0735_1-1200x800.jpg 1200w\" sizes=\"auto, (max-width: 1920px) 100vw, 1920px\" \/><span aria-hidden=\"true\" class=\"wp-block-cover__background has-background-dim\"><\/span><div class=\"wp-block-cover__inner-container is-layout-flow wp-block-cover-is-layout-flow\">\n<div class=\"wp-block-columns alignwide is-not-stacked-on-mobile editor:no-inserter ext-mb-0 ext-mt-0 is-layout-flex wp-container-core-columns-is-layout-8f761849 wp-block-columns-is-layout-flex\">\n<div class=\"wp-block-column is-layout-flow wp-block-column-is-layout-flow\" style=\"flex-basis:100%\">\n<p class=\"wp-block-paragraph\"><\/p>\n\n\n\n<p class=\"wp-block-paragraph\"><\/p>\n\n\n\n<p class=\"wp-block-paragraph\"><\/p>\n\n\n\n<h2 class=\"wp-block-heading ext-m-0 has-white-color has-text-color has-ext-x-large-font-size\" id=\"fully-distributed-remote\">On A Sunday<\/h2>\n<\/div>\n<\/div>\n\n\n\n<div class=\"wp-block-columns alignwide is-not-stacked-on-mobile editor:no-inserter ext-mt-0 is-layout-flex wp-container-core-columns-is-layout-8f761849 wp-block-columns-is-layout-flex\">\n<div class=\"wp-block-column is-layout-flow wp-block-column-is-layout-flow\" style=\"flex-basis:20%\"><\/div>\n\n\n\n<div class=\"wp-block-column editor:no-inserter is-layout-flow wp-block-column-is-layout-flow\" style=\"flex-basis:80%\">\n<div style=\"height:100px\" aria-hidden=\"true\" class=\"wp-block-spacer\"><\/div>\n\n\n\n<p class=\"has-white-color has-text-color has-link-color has-medium-font-size wp-elements-321f6e6df5afa851194aaa012178c019 wp-block-paragraph\">Winterst\u00fcrme haben den B\u00e4umen zugesetzt. Die B\u00e4ume sind zerfetzt. \u00c4ste liegen auf dem Boden. Zwischen dichtem Brombeergestr\u00fcpp erhebt sich majest\u00e4tisch ein Baum.<\/p>\n\n\n\n<div class=\"wp-block-buttons is-layout-flex wp-block-buttons-is-layout-flex\">\n<div class=\"wp-block-button is-style-outline is-style-outline--5\"><a class=\"wp-block-button__link has-white-color has-text-color has-background has-medium-font-size has-custom-font-size wp-element-button\" href=\"https:\/\/foto-fantasien.com\/index.php\/on-a-sunday\/?_thumbnail_id=1829\" style=\"border-radius:10px;background-color:#ffffff00\" target=\"_blank\" rel=\"noreferrer noopener\"><mark style=\"background-color:rgba(0, 0, 0, 0)\" class=\"has-inline-color has-white-color\">Weiter<\/mark><\/a><\/div>\n<\/div>\n<\/div>\n<\/div>\n<\/div><\/div>\n\n\n\n<div style=\"height:20px\" aria-hidden=\"true\" class=\"wp-block-spacer\"><\/div>\n","protected":false},"excerpt":{"rendered":"<p>Fotos gr\u00f6\u00dfer ansehen: Der Klick mit der linken Maustaste vergr\u00f6\u00dfert die Fotos. Die Hintergrundshow wird mit Klick auf den Pfeil rechts im Men\u00fc sichtbar.<\/p>\n","protected":false},"author":1,"featured_media":0,"parent":0,"menu_order":0,"comment_status":"closed","ping_status":"closed","template":"template-full.php","meta":{"_crdt_document":"","footnotes":""},"class_list":["post-1706","page","type-page","status-publish","hentry"],"aioseo_notices":[],"_links":{"self":[{"href":"https:\/\/foto-fantasien.com\/index.php\/wp-json\/wp\/v2\/pages\/1706","targetHints":{"allow":["GET"]}}],"collection":[{"href":"https:\/\/foto-fantasien.com\/index.php\/wp-json\/wp\/v2\/pages"}],"about":[{"href":"https:\/\/foto-fantasien.com\/index.php\/wp-json\/wp\/v2\/types\/page"}],"author":[{"embeddable":true,"href":"https:\/\/foto-fantasien.com\/index.php\/wp-json\/wp\/v2\/users\/1"}],"replies":[{"embeddable":true,"href":"https:\/\/foto-fantasien.com\/index.php\/wp-json\/wp\/v2\/comments?post=1706"}],"version-history":[{"count":92,"href":"https:\/\/foto-fantasien.com\/index.php\/wp-json\/wp\/v2\/pages\/1706\/revisions"}],"predecessor-version":[{"id":7990,"href":"https:\/\/foto-fantasien.com\/index.php\/wp-json\/wp\/v2\/pages\/1706\/revisions\/7990"}],"wp:attachment":[{"href":"https:\/\/foto-fantasien.com\/index.php\/wp-json\/wp\/v2\/media?parent=1706"}],"curies":[{"name":"wp","href":"https:\/\/api.w.org\/{rel}","templated":true}]}}